prime factors of 132244597?
3221, 41057
What are the prime factors of 79741726?
2, 39870863
List the prime factors of 28014431.
1741, 16091
What are the prime factors of 64628402?
2, 61, 529741
What are the prime factors of 363534967?
363534967
What are the prime factors of 587725817?
7, 83960831
What are the prime factors of 321931439?
321931439
What are the prime factors of 4649652228?
2, 3, 13, 1171, 25453
What are the prime factors of 36716794?
2, 3251, 5647
List the prime factors of 908787182.
2, 2887, 157393
What are the prime factors of 145039463?
107, 181, 7489
List the prime factors of 144240015.
3, 5, 23, 418087
What are the prime factors of 3647456?
2, 113983
What are the prime factors of 198198799?
313, 337, 1879
What are the prime factors of 105898700?
2, 5, 739, 1433
List the prime factors of 4839627966.
2, 3, 17, 3919, 12107
What are the prime factors of 27939621?
3, 719, 12953
What are the prime factors of 38149443?
3, 563, 7529
List the prime factors of 34878361.
7, 547, 9109
List the prime factors of 354992418.
2, 3, 11, 1792891
List the prime factors of 223599342.
2, 3, 31, 1202147
What are the prime factors of 98562820?
2, 5, 23, 37, 5791
List the prime factors of 499597861.
7, 953, 74891
List the prime factors of 803993573.
617, 1303069
List the prime factors of 43538075.
5, 7, 248789
What are the prime factors of 330241810?
2, 5, 33024181
What are the prime factors of 397029890?
2, 5, 19, 53, 89, 443
What are the prime factors of 24389964?
2, 3, 53, 4261
List the prime factors of 486997002.
2, 3, 197, 45779
What are the prime factors of 1239242587?
11, 29, 263, 14771
What are the prime factors of 2277227863?
37, 41, 1501139
List the prime factors of 5291365896.
2, 3, 1321, 55633
What are the prime factors of 84506627?
84506627
What are the prime factors of 109393000?
2, 5, 139, 787
List the prime factors of 274415315.
5, 3911, 14033
What are the prime factors of 3473156394?
2, 3, 21439237
List the prime factors of 1102785626.
2, 551392813
What are the prime factors of 438199246?
2, 97, 157, 14387
What are the prime factors of 57482404?
2, 7, 2052943
What are the prime factors of 12729258?
2, 3, 23, 37, 277
What are the prime factors of 185164400?
2, 5, 462911
What are the prime factors of 102995492?
2, 43, 281, 2131
What are the prime factors of 534813428?
2, 10663, 12539
What are the prime factors of 40204145?
5, 8040829
What are the prime factors of 132081151?
132081151
What are the prime factors of 2140031872?
2, 11, 23, 66083
What are the prime factors of 991380743?
863, 1148761
List the prime factors of 1392810986.
2, 7, 17, 257, 3253
List the prime factors of 363920268.
2, 3, 107, 151, 1877
List the prime factors of 49735237.
49735237
What are the prime factors of 618895778?
2, 17, 19, 958043
What are the prime factors of 1297198347?
3, 432399449
List the prime factors of 22395640.
2, 5, 31, 18061
What are the prime factors of 1994549918?
2, 1031, 967289
What are the prime factors of 88968852?
2, 3, 7, 41, 79, 109
What are the prime factors of 268616068?
2, 7, 9593431
List the prime factors of 2927486358.
2, 3, 162638131
List the prime factors of 105552461.
7, 811, 18593
List the prime factors of 1068431875.
5, 7, 103, 2371
List the prime factors of 162354887.
162354887
List the prime factors of 1070059217.
29231, 36607
List the prime factors of 124427374.
2, 37, 41, 41011
List the prime factors of 74546039.
74546039
List the prime factors of 55648950.
2, 3, 5, 7, 52999
What are the prime factors of 894886613?
17, 52640389
List the prime factors of 59486147.
7, 173429
List the prime factors of 338581195.
5, 67716239
List the prime factors of 307015090.
2, 5, 30701509
List the prime factors of 103915761.
3, 34638587
What are the prime factors of 6166411484?
2, 1541602871
What are the prime factors of 357656744?
2, 17, 2629829
List the prime factors of 173678225.
5, 7, 613, 1619
What are the prime factors of 57426452?
2, 317, 45289
List the prime factors of 302550449.
101, 103, 127, 229
List the prime factors of 7233426706.
2, 11, 439, 68087
List the prime factors of 71560361.
17, 89, 47297
List the prime factors of 65708064.
2, 3, 59, 1289
List the prime factors of 4101169261.
7, 23, 25473101
List the prime factors of 50496304.
2, 3156019
What are the prime factors of 304544537?
11, 47, 53551
List the prime factors of 380067309.
3, 1564063
List the prime factors of 728129089.
59, 12341171
List the prime factors of 16560365.
5, 131, 193
What are the prime factors of 251510653?
103, 317, 7703
List the prime factors of 69367922.
2, 13, 17, 156941
List the prime factors of 94331124.
2, 3, 19, 137911
List the prime factors of 126747937.
17, 2309, 3229
List the prime factors of 83918123.
83918123
What are the prime factors of 166174860?
2, 3, 5, 109, 25409
What are the prime factors of 1153281911?
47, 24537913
List the prime factors of 1084435369.
61, 2293, 7753
List the prime factors of 46122789.
3, 29, 43, 12329
What are the prime factors of 914504827?
19, 48131833
List the prime factors of 94725074.
2, 211, 224467
What are the prime factors of 19674167?
19674167
List the prime factors of 2922782872.
2, 257, 443, 3209
List the prime factors of 416098067.
7, 11, 491261
What are the prime factors of 55116350?
2, 5, 337, 3271
What are the prime factors of 12002073?
3, 4000691
What are the prime factors of 306927192?
2, 3, 11, 13, 89431
List the prime factors of 255614185.
5, 51122837
List the prime factors of 133480735.
5, 26696147
List the prime factors of 6763864404.
2, 3, 11, 151, 439, 773
List the prime factors of 50896630.
2, 5, 19, 267877
What are the prime factors of 3623030662?
2, 1811515331
What are the prime factors of 18869833?
18869833
List the prime factors of 18487519.
18487519
List the prime factors of 2903867653.
2903867653
List the prime factors of 2539823412.
2, 3, 7, 37, 47, 17387
What are the prime factors of 1119725062?
2, 19, 499, 59051
List the prime factors of 471890065.
5, 389, 242617
List the prime factors of 86105208.
2, 3, 7, 512531
List the prime factors of 2087203973.
829, 2517737
List the prime factors of 97244479.
2803, 34693
What are the prime factors of 52845010?
2, 5, 17, 137, 2269
List the prime factors of 385897605.
3, 5, 37, 109, 6379
What are the prime factors of 17475512?
2, 41, 53279
List the prime factors of 125763425.
5, 23, 218719
What are the prime factors of 60488267?
7, 19, 454799
List the prime factors of 48836640.
2, 3, 5, 71, 1433
List the prime factors of 624544489.
9829, 63541
List the prime factors of 299328939.
3, 7, 13, 40609
List the prime factors of 109928177.
149, 737773
List the prime factors of 1125951378.
2, 3, 17, 11038739
List the prime factors of 801865666.
2, 7, 57276119
List the prime factors of 177265373.
983, 180331
List the prime factors of 280804850.
2, 5, 5616097
What are the prime factors of 2012357079?
3, 277, 807203
List the prime factors of 65634826.
2, 599, 54787
List the prime factors of 26323843.
7, 13, 289273
What are the prime factors of 71962099?
11, 131, 49939
What are the prime factors of 765064113?
3, 11, 23183761
List the prime factors of 4890714760.
2, 5, 19, 37, 173923
List the prime factors of 1581686250.
2, 3, 5, 421783
List the prime factors of 701030587.
41, 17098307
List the prime factors of 61021661.
157, 388673
What are the prime factors of 1005131026?
2, 13033, 38561
List the prime factors of 3528584291.
37, 4909, 19427
List the prime factors of 224988768.
2, 3, 781211
What are the prime factors of 1445569679?
59, 107, 228983
What are the prime factors of 51906899?
11, 17, 277577
What are the prime factors of 21790012?
2, 5447503
List the prime factors of 2555412170.
2, 5, 43, 241, 24659
What are the prime factors of 59846228?
2, 13, 47, 521
What are the prime factors of 49844949?
3, 7, 11, 151, 1429
List the prime factors of 232316524.
2, 11, 1063, 4967
What are the prime factors of 746390401?
89, 8386409
List the prime factors of 924167824.
2, 29, 127, 15683
List the prime factors of 872440454.
2, 436220227
List the prime factors of 677758668.
2, 3, 151, 374039
What are the prime factors of 720616639?
720616639
What are the prime factors of 31847703?
3, 103, 103067
What are the prime factors of 83097200?
2, 5, 207743
What a